[INFO] cloning repository https://github.com/mefechoel/remote-control
[INFO] running `Command { std: "git" "-c" "credential.helper=" "-c" "credential.helper=/workspace/cargo-home/bin/git-credential-null" "clone" "--bare" "https://github.com/mefechoel/remote-control" "/workspace/cache/git-repos/https%3A%2F%2Fgithub.com%2Fmefechoel%2Fremote-control", kill_on_drop: false }`
[INFO] [stderr] Cloning into bare repository '/workspace/cache/git-repos/https%3A%2F%2Fgithub.com%2Fmefechoel%2Fremote-control'...
[INFO] running `Command { std: "git" "rev-parse" "HEAD", kill_on_drop: false }`
[INFO] [stdout] 8e3fb854467a2dfad0f2754a8a8cdd0807546f3f
[INFO] building mefechoel/remote-control against master#881c1ac408d93bb7adaa3a51dabab9266e82eee8 for issue-85264
[INFO] running `Command { std: "git" "clone" "/workspace/cache/git-repos/https%3A%2F%2Fgithub.com%2Fmefechoel%2Fremote-control" "/workspace/builds/worker-10/source", kill_on_drop: false }`
[INFO] [stderr] Cloning into '/workspace/builds/worker-10/source'...
[INFO] [stderr] done.
[INFO] validating manifest of git repo https://github.com/mefechoel/remote-control on toolchain 881c1ac408d93bb7adaa3a51dabab9266e82eee8
[INFO] running `Command { std: "/workspace/cargo-home/bin/cargo" "+881c1ac408d93bb7adaa3a51dabab9266e82eee8" "metadata" "--manifest-path" "Cargo.toml" "--no-deps", kill_on_drop: false }`
[INFO] started tweaking git repo https://github.com/mefechoel/remote-control
[INFO] finished tweaking git repo https://github.com/mefechoel/remote-control
[INFO] tweaked toml for git repo https://github.com/mefechoel/remote-control written to /workspace/builds/worker-10/source/Cargo.toml
[INFO] crate git repo https://github.com/mefechoel/remote-control already has a lockfile, it will not be regenerated
[INFO] running `Command { std: "/workspace/cargo-home/bin/cargo" "+881c1ac408d93bb7adaa3a51dabab9266e82eee8" "fetch" "--manifest-path" "Cargo.toml", kill_on_drop: false }`
[INFO] [stderr]  Downloading crates ...
[INFO] [stderr]   Downloaded dns-lookup v1.0.5
[INFO] [stderr]   Downloaded qr2term v0.2.1
[INFO] [stderr]   Downloaded enigo v0.0.14
[INFO] [stderr]   Downloaded core-graphics v0.18.0
[INFO] running `Command { std: "docker" "create" "-v" "/var/lib/crater-agent-workspace/builds/worker-10/target:/opt/rustwide/target:rw,Z" "-v" "/var/lib/crater-agent-workspace/builds/worker-10/source:/opt/rustwide/workdir:ro,Z" "-v" "/var/lib/crater-agent-workspace/cargo-home:/opt/rustwide/cargo-home:ro,Z" "-v" "/var/lib/crater-agent-workspace/rustup-home:/opt/rustwide/rustup-home:ro,Z" "-e" "SOURCE_DIR=/opt/rustwide/workdir" "-e" "CARGO_TARGET_DIR=/opt/rustwide/target" "-e" "CARGO_HOME=/opt/rustwide/cargo-home" "-e" "RUSTUP_HOME=/opt/rustwide/rustup-home" "-w" "/opt/rustwide/workdir" "-m" "1610612736" "--user" "0:0" "--network" "none" "ghcr.io/rust-lang/crates-build-env/linux@sha256:20528e8c29e4536546f0102ce88568b16ea7538393a33fcca951030f7af10457" "/opt/rustwide/cargo-home/bin/cargo" "+881c1ac408d93bb7adaa3a51dabab9266e82eee8" "metadata" "--no-deps" "--format-version=1", kill_on_drop: false }`
[INFO] [stdout] 215a6d79d48aa49163fd53fd8dfb3d8e1f61a5594df72348430b49fe2bdae228
[INFO] [stderr] WARNING: Your kernel does not support swap limit capabilities or the cgroup is not mounted. Memory limited without swap.
[INFO] running `Command { std: "docker" "start" "-a" "215a6d79d48aa49163fd53fd8dfb3d8e1f61a5594df72348430b49fe2bdae228", kill_on_drop: false }`
[INFO] running `Command { std: "docker" "inspect" "215a6d79d48aa49163fd53fd8dfb3d8e1f61a5594df72348430b49fe2bdae228", kill_on_drop: false }`
[INFO] running `Command { std: "docker" "rm" "-f" "215a6d79d48aa49163fd53fd8dfb3d8e1f61a5594df72348430b49fe2bdae228", kill_on_drop: false }`
[INFO] [stdout] 215a6d79d48aa49163fd53fd8dfb3d8e1f61a5594df72348430b49fe2bdae228
[INFO] running `Command { std: "docker" "create" "-v" "/var/lib/crater-agent-workspace/builds/worker-10/target:/opt/rustwide/target:rw,Z" "-v" "/var/lib/crater-agent-workspace/builds/worker-10/source:/opt/rustwide/workdir:ro,Z" "-v" "/var/lib/crater-agent-workspace/cargo-home:/opt/rustwide/cargo-home:ro,Z" "-v" "/var/lib/crater-agent-workspace/rustup-home:/opt/rustwide/rustup-home:ro,Z" "-e" "SOURCE_DIR=/opt/rustwide/workdir" "-e" "CARGO_TARGET_DIR=/opt/rustwide/target" "-e" "CARGO_INCREMENTAL=0" "-e" "RUST_BACKTRACE=full" "-e" "RUSTFLAGS=--cap-lints=forbid" "-e" "CARGO_HOME=/opt/rustwide/cargo-home" "-e" "RUSTUP_HOME=/opt/rustwide/rustup-home" "-w" "/opt/rustwide/workdir" "-m" "1610612736" "--user" "0:0" "--network" "none" "ghcr.io/rust-lang/crates-build-env/linux@sha256:20528e8c29e4536546f0102ce88568b16ea7538393a33fcca951030f7af10457" "/opt/rustwide/cargo-home/bin/cargo" "+881c1ac408d93bb7adaa3a51dabab9266e82eee8" "build" "--frozen" "--message-format=json", kill_on_drop: false }`
[INFO] [stdout] 130ddade33eed9cf833e423c9cd7417d5274c8a3a32be36e18697160c0df446f
[INFO] [stderr] WARNING: Your kernel does not support swap limit capabilities or the cgroup is not mounted. Memory limited without swap.
[INFO] running `Command { std: "docker" "start" "-a" "130ddade33eed9cf833e423c9cd7417d5274c8a3a32be36e18697160c0df446f", kill_on_drop: false }`
[INFO] [stderr]    Compiling libc v0.2.80
[INFO] [stderr]    Compiling cfg-if v0.1.10
[INFO] [stderr]    Compiling typenum v1.12.0
[INFO] [stderr]    Compiling proc-macro2 v0.4.30
[INFO] [stderr]    Compiling yansi v0.5.0
[INFO] [stderr]    Compiling bitflags v1.2.1
[INFO] [stderr]    Compiling unicode-xid v0.1.0
[INFO] [stderr]    Compiling syn v0.15.44
[INFO] [stderr]    Compiling getrandom v0.1.15
[INFO] [stderr]    Compiling subtle v2.3.0
[INFO] [stderr]    Compiling opaque-debug v0.2.3
[INFO] [stderr]    Compiling tinyvec_macros v0.1.0
[INFO] [stderr]    Compiling subtle v1.0.0
[INFO] [stderr]    Compiling matches v0.1.8
[INFO] [stderr]    Compiling smallvec v1.5.0
[INFO] [stderr]    Compiling byte-tools v0.3.1
[INFO] [stderr]    Compiling ppv-lite86 v0.2.10
[INFO] [stderr]    Compiling httparse v1.3.4
[INFO] [stderr]    Compiling fake-simd v0.1.2
[INFO] [stderr]    Compiling safemem v0.3.3
[INFO] [stderr]    Compiling serde v1.0.117
[INFO] [stderr]    Compiling zeroize v1.1.1
[INFO] [stderr]    Compiling percent-encoding v2.1.0
[INFO] [stderr]    Compiling hashbrown v0.9.1
[INFO] [stderr]    Compiling base64 v0.12.3
[INFO] [stderr]    Compiling slab v0.4.2
[INFO] [stderr]    Compiling scopeguard v1.1.0
[INFO] [stderr]    Compiling state v0.4.2
[INFO] [stderr]    Compiling serde_json v1.0.59
[INFO] [stderr]    Compiling syn v1.0.48
[INFO] [stderr]    Compiling itoa v0.4.6
[INFO] [stderr]    Compiling serde_derive v1.0.117
[INFO] [stderr]    Compiling lazy_static v1.4.0
[INFO] [stderr]    Compiling checked_int_cast v1.0.0
[INFO] [stderr]    Compiling base64 v0.13.0
[INFO] [stderr]    Compiling block-padding v0.1.5
[INFO] [stderr]    Compiling unicode-bidi v0.3.4
[INFO] [stderr]    Compiling tinyvec v1.1.0
[INFO] [stderr]    Compiling indexmap v1.6.0
[INFO] [stderr]    Compiling lock_api v0.3.4
[INFO] [stderr]    Compiling enigo v0.0.14
[INFO] [stderr]    Compiling pear_codegen v0.1.4
[INFO] [stderr]    Compiling rocket_codegen v0.4.6
[INFO] [stderr]    Compiling rocket v0.4.6
[INFO] [stderr]    Compiling log v0.4.11
[INFO] [stderr]    Compiling qrcode v0.12.0
[INFO] [stderr]    Compiling base64 v0.9.3
[INFO] [stderr]    Compiling log v0.3.9
[INFO] [stderr]    Compiling mime v0.2.6
[INFO] [stderr]    Compiling quote v0.6.13
[INFO] [stderr]    Compiling unicode-normalization v0.1.16
[INFO] [stderr]    Compiling time v0.1.44
[INFO] [stderr]    Compiling num_cpus v1.13.0
[INFO] [stderr]    Compiling net2 v0.2.35
[INFO] [stderr]    Compiling iovec v0.1.4
[INFO] [stderr]    Compiling mio v0.7.6
[INFO] [stderr]    Compiling signal-hook-registry v1.2.2
[INFO] [stderr]    Compiling parking_lot_core v0.7.2
[INFO] [stderr]    Compiling inotify-sys v0.1.4
[INFO] [stderr]    Compiling atty v0.2.14
[INFO] [stderr]    Compiling filetime v0.2.13
[INFO] [stderr]    Compiling socket2 v0.3.16
[INFO] [stderr]    Compiling inotify v0.7.1
[INFO] [stderr]    Compiling rand_core v0.5.1
[INFO] [stderr]    Compiling mio v0.6.22
[INFO] [stderr]    Compiling parking_lot v0.10.2
[INFO] [stderr]    Compiling signal-hook v0.1.16
[INFO] [stderr]    Compiling dns-lookup v1.0.5
[INFO] [stderr]    Compiling generic-array v0.12.3
[INFO] [stderr]    Compiling rand_chacha v0.2.2
[INFO] [stderr]    Compiling crossterm v0.17.7
[INFO] [stderr]    Compiling idna v0.1.5
[INFO] [stderr]    Compiling rand v0.7.3
[INFO] [stderr]    Compiling digest v0.8.1
[INFO] [stderr]    Compiling block-cipher-trait v0.6.2
[INFO] [stderr]    Compiling universal-hash v0.3.0
[INFO] [stderr]    Compiling crypto-mac v0.7.0
[INFO] [stderr]    Compiling aead v0.2.0
[INFO] [stderr]    Compiling block-buffer v0.7.3
[INFO] [stderr]    Compiling aes-soft v0.3.3
[INFO] [stderr]    Compiling polyval v0.3.3
[INFO] [stderr]    Compiling hmac v0.7.1
[INFO] [stderr]    Compiling sha2 v0.8.2
[INFO] [stderr]    Compiling mio-extras v2.0.6
[INFO] [stderr]    Compiling hkdf v0.8.0
[INFO] [stderr]    Compiling ghash v0.2.3
[INFO] [stderr]    Compiling aes v0.3.2
[INFO] [stderr]    Compiling notify v4.0.15
[INFO] [stderr]    Compiling aes-gcm v0.5.0
[INFO] [stderr]    Compiling url v1.7.2
[INFO] [stderr]    Compiling qr2term v0.2.1
[INFO] [stderr]    Compiling cookie v0.11.3
[INFO] [stderr]    Compiling hyper v0.10.16
[INFO] [stderr]    Compiling toml v0.4.10
[INFO] [stderr]    Compiling devise_core v0.2.0
[INFO] [stderr]    Compiling devise_codegen v0.2.0
[INFO] [stderr]    Compiling devise v0.2.0
[INFO] [stderr]    Compiling pear v0.1.4
[INFO] [stderr]    Compiling rocket_http v0.4.6
[INFO] [stderr]    Compiling rocket_contrib v0.4.6
[INFO] [stderr]    Compiling remote v0.1.0 (/opt/rustwide/workdir)
[INFO] [stdout] error[E0583]: file not found for module `html`
[INFO] [stdout]  --> src/main.rs:9:1
[INFO] [stdout]   |
[INFO] [stdout] 9 | mod html;
[INFO] [stdout]   | ^^^^^^^^^
[INFO] [stdout]   |
[INFO] [stdout]   = help: to create the module `html`, create file "src/html.rs" or "src/html/mod.rs"
[INFO] [stdout] 
[INFO] [stdout] 
[INFO] [stdout] error[E0425]: cannot find function `host_os` in this scope
[INFO] [stdout]    --> src/main.rs:127:6
[INFO] [stdout]     |
[INFO] [stdout] 127 |   Ok(host_os())
[INFO] [stdout]     |      ^^^^^^^ not found in this scope
[INFO] [stdout] 
[INFO] [stdout] 
[INFO] [stdout] error[E0425]: cannot find function `press_arrow_right` in this scope
[INFO] [stdout]    --> src/main.rs:153:3
[INFO] [stdout]     |
[INFO] [stdout] 153 |   press_arrow_right();
[INFO] [stdout]     |   ^^^^^^^^^^^^^^^^^ not found in this scope
[INFO] [stdout] 
[INFO] [stdout] 
[INFO] [stdout] error[E0425]: cannot find function `press_arrow_left` in this scope
[INFO] [stdout]    --> src/main.rs:159:3
[INFO] [stdout]     |
[INFO] [stdout] 159 |   press_arrow_left();
[INFO] [stdout]     |   ^^^^^^^^^^^^^^^^ not found in this scope
[INFO] [stdout] 
[INFO] [stdout] 
[INFO] [stdout] error[E0425]: cannot find function `inc_vol` in this scope
[INFO] [stdout]    --> src/main.rs:172:3
[INFO] [stdout]     |
[INFO] [stdout] 172 |   inc_vol();
[INFO] [stdout]     |   ^^^^^^^ not found in this scope
[INFO] [stdout] 
[INFO] [stdout] 
[INFO] [stdout] error[E0425]: cannot find function `dec_vol` in this scope
[INFO] [stdout]    --> src/main.rs:178:3
[INFO] [stdout]     |
[INFO] [stdout] 178 |   dec_vol();
[INFO] [stdout]     |   ^^^^^^^ not found in this scope
[INFO] [stdout] 
[INFO] [stdout] 
[INFO] [stdout] error[E0425]: cannot find value `FONT` in module `html`
[INFO] [stdout]    --> src/main.rs:307:35
[INFO] [stdout]     |
[INFO] [stdout] 307 |   let font = base64::decode(html::FONT).unwrap();
[INFO] [stdout]     |                                   ^^^^ not found in `html`
[INFO] [stdout] 
[INFO] [stdout] 
[INFO] [stdout] error[E0425]: cannot find value `ICON` in module `html`
[INFO] [stdout]    --> src/main.rs:308:35
[INFO] [stdout]     |
[INFO] [stdout] 308 |   let icon = base64::decode(html::ICON).unwrap();
[INFO] [stdout]     |                                   ^^^^ not found in `html`
[INFO] [stdout] 
[INFO] [stdout] 
[INFO] [stdout] error[E0425]: cannot find value `HTML_CONTENT` in module `html`
[INFO] [stdout]    --> src/main.rs:309:35
[INFO] [stdout]     |
[INFO] [stdout] 309 |   let html = base64::decode(html::HTML_CONTENT).unwrap();
[INFO] [stdout]     |                                   ^^^^^^^^^^^^ not found in `html`
[INFO] [stdout] 
[INFO] [stdout] 
[INFO] [stdout] error[E0425]: cannot find value `HTML_BROTLI` in module `html`
[INFO] [stdout]    --> src/main.rs:310:38
[INFO] [stdout]     |
[INFO] [stdout] 310 |   let html_br = base64::decode(html::HTML_BROTLI).unwrap();
[INFO] [stdout]     |                                      ^^^^^^^^^^^ not found in `html`
[INFO] [stdout] 
[INFO] [stdout] 
[INFO] [stdout] error[E0425]: cannot find value `HTML_GZIP` in module `html`
[INFO] [stdout]    --> src/main.rs:311:38
[INFO] [stdout]     |
[INFO] [stdout] 311 |   let html_gz = base64::decode(html::HTML_GZIP).unwrap();
[INFO] [stdout]     |                                      ^^^^^^^^^ not found in `html`
[INFO] [stdout] 
[INFO] [stdout] 
[INFO] [stdout] error[E0425]: cannot find value `LICENSES` in module `html`
[INFO] [stdout]    --> src/main.rs:312:39
[INFO] [stdout]     |
[INFO] [stdout] 312 |   let licenses = base64::decode(html::LICENSES).unwrap();
[INFO] [stdout]     |                                       ^^^^^^^^ not found in `html`
[INFO] [stdout] 
[INFO] [stdout] 
[INFO] [stdout] error[E0425]: cannot find value `static_rocket_route_info_for_skip_forward` in this scope
[INFO] [stdout]    --> src/main.rs:331:9
[INFO] [stdout]     |
[INFO] [stdout] 151 | #[get("/api/seek-forward")]
[INFO] [stdout]     | --------------------------- similarly named static `static_rocket_route_info_for_seek_forward` defined here
[INFO] [stdout] ...
[INFO] [stdout] 331 |         skip_forward,
[INFO] [stdout]     |         ^^^^^^^^^^^^ help: a static with a similar name exists: `static_rocket_route_info_for_seek_forward`
[INFO] [stdout] 
[INFO] [stdout] 
[INFO] [stdout] error[E0425]: cannot find value `static_rocket_route_info_for_skip_back` in this scope
[INFO] [stdout]    --> src/main.rs:332:9
[INFO] [stdout]     |
[INFO] [stdout] 157 | #[get("/api/seek-back")]
[INFO] [stdout]     | ------------------------ similarly named static `static_rocket_route_info_for_seek_back` defined here
[INFO] [stdout] ...
[INFO] [stdout] 332 |         skip_back,
[INFO] [stdout]     |         ^^^^^^^^^ help: a static with a similar name exists: `static_rocket_route_info_for_seek_back`
[INFO] [stdout] 
[INFO] [stdout] 
[INFO] [stdout] error[E0425]: cannot find value `static_rocket_route_info_for_media_play_pause` in this scope
[INFO] [stdout]    --> src/main.rs:333:9
[INFO] [stdout]     |
[INFO] [stdout] 217 | #[get("/api/move_mouse?<x>&<y>")]
[INFO] [stdout]     | --------------------------------- similarly named static `static_rocket_route_info_for_move_mouse` defined here
[INFO] [stdout] ...
[INFO] [stdout] 333 |         media_play_pause,
[INFO] [stdout]     |         ^^^^^^^^^^^^^^^^ help: a static with a similar name exists: `static_rocket_route_info_for_move_mouse`
[INFO] [stdout] 
[INFO] [stdout] 
[INFO] [stdout] error: aborting due to 15 previous errors
[INFO] [stdout] 
[INFO] [stdout] 
[INFO] [stdout] Some errors have detailed explanations: E0425, E0583.
[INFO] [stdout] 
[INFO] [stdout] For more information about an error, try `rustc --explain E0425`.
[INFO] [stdout] 
[INFO] [stderr] error: could not compile `remote`
[INFO] [stderr] 
[INFO] [stderr] To learn more, run the command again with --verbose.
[INFO] running `Command { std: "docker" "inspect" "130ddade33eed9cf833e423c9cd7417d5274c8a3a32be36e18697160c0df446f", kill_on_drop: false }`
[INFO] running `Command { std: "docker" "rm" "-f" "130ddade33eed9cf833e423c9cd7417d5274c8a3a32be36e18697160c0df446f", kill_on_drop: false }`
[INFO] [stdout] 130ddade33eed9cf833e423c9cd7417d5274c8a3a32be36e18697160c0df446f
